{"id":57,"date":"2011-10-15T22:07:13","date_gmt":"2011-10-15T20:07:13","guid":{"rendered":"http:\/\/miekkslook.nl\/?page_id=57"},"modified":"2017-11-15T15:29:58","modified_gmt":"2017-11-15T15:29:58","slug":"recepten","status":"publish","type":"page","link":"https:\/\/miekkslook.nl\/index.php\/recepten\/","title":{"rendered":"Recepten"},"content":{"rendered":"<div>\n<p>\u00a0\u00a0 Na het eten wordt er regelmatig door gasten en kwasten gevraagd: Mag ik het recept van je hebben ??? Geen probleem, al vergeet ik het nog wel eens te sturen. Vandaar dit blad op deze pagina. Voor de liefhebbers onderstaand de meest gevraagde recepten \ud83d\ude42<\/p>\n<p><strong><span style=\"text-decoration: underline;\">Tonijnsalade<\/span><\/strong><br \/>\n2 blikjes tonijn\u00a0\u00a0\u00a0\u00a0\u00a0\u00a0\u00a0\u00a0\u00a0\u00a0\u00a0\u00a0\u00a0\u00a0\u00a0\u00a0\u00a0 1 kleine ui of bieslook<br \/>\n1 rode paprika\u00a0\u00a0\u00a0\u00a0\u00a0\u00a0\u00a0\u00a0\u00a0\u00a0\u00a0\u00a0\u00a0\u00a0\u00a0\u00a0\u00a0 1 blikje doperwten, 500 gr.<br \/>\n1 blikje ma\u00efs, 340 gr.\u00a0\u00a0\u00a0\u00a0\u00a0\u00a0\u00a0\u00a0 3 el. mayonaise<br \/>\n3 el. yoghurt\u00a0\u00a0\u00a0\u00a0\u00a0\u00a0\u00a0\u00a0\u00a0\u00a0\u00a0\u00a0\u00a0\u00a0\u00a0\u00a0\u00a0\u00a0\u00a0\u00a0 knoflook \/ peper \/ zout \/ kerrie en suiker naar smaak<br \/>\nMeng alle ingredi\u00ebnten kleingesneden door elkaar. Maak van de yoghurt, mayonaise en kruiden een sausje. Roer dit er doorheen.<\/p>\n<p><strong><span style=\"text-decoration: underline;\">Kip-kaas salade<\/span><\/strong><br \/>\n200 gr. jong belegen kaas \u00a0 200 gr. gaar kippenvlees<br \/>\n150 gr. blauwe druiven \u00a0\u00a0\u00a0\u00a0\u00a0 2 schijven ananas<br \/>\n100 gr. doperwten \u00a0\u00a0\u00a0\u00a0\u00a0\u00a0\u00a0\u00a0 \u00a0\u00a0 \u00a0 1 beker zure room<br \/>\n2el ananassap \u00a0\u00a0\u00a0\u00a0\u00a0\u00a0\u00a0\u00a0\u00a0\u00a0\u00a0\u00a0\u00a0\u00a0 \u00a0 \u00a0\u00a0 \u00a0 1 tl kerrie<br \/>\nSnijd kaas, kip druiven en ananas in blokjes. Meng de doperwten hier doorheen. Maak van de zure room, ananassap en kerrie een sausje. Evt. peper en zout naar smaak toevoegen. Meng het sausje door de overige ingredi\u00ebenten.<\/p>\n<p><strong><span style=\"text-decoration: underline;\">Salade gelijkend Waldorf<\/span><\/strong><br \/>\n(maaltijdsalade met stokbrood voor 4 personen)<br \/>\n4 appels (fris zuur)<br \/>\n6 stengels bleekselderij<br \/>\n500 gram kipfilet (in bouillon gegaard)<br \/>\n\u00bd krop ijsbergsla<br \/>\n1 blikje mandarijnenpartjes(blik)<br \/>\n50 gram walnoten fijngehakt<br \/>\n2 bekertjes cr\u00e8me fra\u00efche<br \/>\nSnijd de appel in kleine blokjes. Snijd de bleekselderij in schijfjes. Laat de partjes mandarijn goed uitlekken (bewaar het vocht) anders wordt de salade te nat. Voeg de gekookte kip in dunne reepjes toe met de in stukjes gesneden ijsbergsla. Schep de ingredi\u00ebnten goed door elkaar. Meng met de cr\u00e8me fra\u00efche, roer dit naar behoefte door de salade. Mocht de salade toch wat droog uitvallen kun je er altijd nog wat van het bewaarde mandarijnensap aan toe voegen.<\/p>\n<\/div>\n<div>\n<p><strong><span style=\"text-decoration: underline;\">Portugeese Fornello<br \/>\n<\/span><\/strong>500 gr. kip, in kleine stukjes &#8211; tandoorikruiden voor 500 gr. kip &#8211;\u00a0 3 el. Olijfolie &#8211;\u00a0 2 rode uien &#8211; 400 gr. Kers-\/snoeptomaatjes &#8211; 200 gr. Salami &#8211; 8 eieren (M) &#8211; 1 el mediterrane kruiden &#8211; klein scheutje melk &#8211; 300 gr. (parboild) rijst<br \/>\n<span style=\"text-decoration: underline;\">Bereiding<\/span> :<br \/>\nMeng olie en tandoorikruiden en marineer de kip hiermee (30min.) Bak de kip op een middelhoog vuur gaar. Kook de rijst volgens de aanwijzingen op de verpakking en laat deze wat afkoelen.<br \/>\nHalveer de tomaatjes, snij de uien in dunne halve ringen en de salami in stukjes. Kluts de eieren met een klein scheutje melk en meng hier de mediterrane kruiden door.<br \/>\nMeng kip, salami, tomaat, uien en rijst in een grote ovenschaal, voeg daarna het eimengsel toe. Meng het geheel goed door elkaar . Zet deze in een voorverwarmde oven op 180 graden, bak de &#8220;Fornello&#8221; in 30 tot 40 minuten gaar.<\/p>\n<p>Geniet er van \ud83d\ude42<\/p>\n<\/div>\n","protected":false},"excerpt":{"rendered":"<p>\u00a0\u00a0 Na het eten wordt er regelmatig door gasten en kwasten gevraagd: Mag ik het recept van je hebben ??? Geen probleem, al vergeet ik het nog wel eens te sturen. Vandaar dit blad op deze pagina. Voor de liefhebbers &hellip; <a href=\"https:\/\/miekkslook.nl\/index.php\/recepten\/\">Continue reading <span class=\"meta-nav\">&rarr;<\/span><\/a><\/p>\n","protected":false},"author":1,"featured_media":923,"parent":0,"menu_order":0,"comment_status":"closed","ping_status":"open","template":"","meta":{"footnotes":"","_links_to":"","_links_to_target":""},"class_list":["post-57","page","type-page","status-publish","has-post-thumbnail","hentry"],"_links":{"self":[{"href":"https:\/\/miekkslook.nl\/index.php\/wp-json\/wp\/v2\/pages\/57","targetHints":{"allow":["GET"]}}],"collection":[{"href":"https:\/\/miekkslook.nl\/index.php\/wp-json\/wp\/v2\/pages"}],"about":[{"href":"https:\/\/miekkslook.nl\/index.php\/wp-json\/wp\/v2\/types\/page"}],"author":[{"embeddable":true,"href":"https:\/\/miekkslook.nl\/index.php\/wp-json\/wp\/v2\/users\/1"}],"replies":[{"embeddable":true,"href":"https:\/\/miekkslook.nl\/index.php\/wp-json\/wp\/v2\/comments?post=57"}],"version-history":[{"count":6,"href":"https:\/\/miekkslook.nl\/index.php\/wp-json\/wp\/v2\/pages\/57\/revisions"}],"predecessor-version":[{"id":1006,"href":"https:\/\/miekkslook.nl\/index.php\/wp-json\/wp\/v2\/pages\/57\/revisions\/1006"}],"wp:featuredmedia":[{"embeddable":true,"href":"https:\/\/miekkslook.nl\/index.php\/wp-json\/wp\/v2\/media\/923"}],"wp:attachment":[{"href":"https:\/\/miekkslook.nl\/index.php\/wp-json\/wp\/v2\/media?parent=57"}],"curies":[{"name":"wp","href":"https:\/\/api.w.org\/{rel}","templated":true}]}}